Is r composite?
False
Let y = -11 - -7. Let p be y/(-18) + (-86)/(-18). Let o(q) = 2*q**2 - 1. Is o(p) a prime number?
False
Let l be (-5)/(25/2)*-80. Suppose -n = -4 + l. Let z = -17 - n. Is z prime?
True
Suppose -2*o = u - 375, -o + 5*u = -4*o + 566. Is o prime?
False
Suppose 3*w + 3*l = 5*l + 1233, -w + 406 = l. Is w prime?
True
Let s(t) = t + 1 - t - 2*t**2 - 2*t. Let o be s(2). Let v = 10 - o. Is v a prime number?
False
Suppose 3*c - 337 - 41 = 0. Suppose c = -4*l + 994. Is l a prime number?
False
Is ((-7)/(-2))/(1/10) composite?
True
Is 9/((-18)/(-1172)) + -3 prime?
False
Suppose -1511 = 9*b - 10*b. Is b prime?
True
Let b be (-4)/(-16) - 1/4. Suppose b = u - 5*u. Is 14 - (1 - (2 - u)) a composite number?
True
Suppose -i = -3*f + 38, -i - 2*i - 36 = -3*f. Is f composite?
False
Let f be -3 - 162/(2 + 1). Let n = f + -318. Let j = 586 + n. Is j composite?
False
Suppose 5*u = 5*f + 2*u + 51, -2*u = -4. Is (573/f)/((-1)/3) composite?
False
Let n be 0 + 0*2/2. Suppose 3*l - 5*l + 94 = n. Is l composite?
False
Let i(a) = -a**2 - 52*a - 5. Is i(-32) a composite number?
True
Let v be (-4)/(-30) + (-476)/(-255). Suppose -2*c = d - 99, -v*c + 3 = -3. Is d a composite number?
True
Suppose 35 = 4*o - 5*s, -2*o + 7*s = 3*s - 16. Suppose -5*d - 175 = 5*u - o*u, -3*d = 3*u - 117. Is u a prime number?
True
Let p be (0/2 - 2)*-79. Suppose 4*b + 0*q = q + p, -5*q - 88 = -2*b. Is b composite?
True
Is (1236/(-10))/(12/(-30)) composite?
True
Let y(c) be the third derivative of 1/60*c**5 + 5/12*c**4 + 0 + 0*c + 5/6*c**3 - 3*c**2. Is y(8) prime?
True
Let r = -8 - -10. Is -9*((-15)/(-9) - r) a prime number?
True
Let n(a) = -271*a - 22. Is n(-3) composite?
True
Suppose -12*t + 14*t = 422. Is t prime?
True
Let n = 272 - 148. Suppose -3*z + 1278 = 5*g, 3*g - 74 - 686 = 5*z. Let a = g - n. Is a a prime number?
True
Let t be -2 + -1 + 2 + 3. Let u be -113*(1 - t) + 2. Suppose 3*z - u = -2*z. Is z composite?
False
Let l(y) = 0*y**2 + y**2 + y + 4*y + 1. Is l(5) a composite number?
True
Suppose -3*k + 719 = -292. Is k composite?
False
Let o be (-2)/(-3 + (-303)/(-99)). Let t be 3*((-184)/(-6) - 2). Let l = t + o. Is l a composite number?
False
Suppose 0 = -4*s + 5*s + a - 141, -137 = -s - 3*a. Is s a prime number?
False
Let n = 2 + -12. Is (-563)/(-5) + n/(-25) a composite number?
False
Let r(g) = -g**2 - 3*g + 2. Let h be r(-3). Suppose 3*v - 133 = -2*l, l - 71 + h = -2*v. Is l prime?
True
Let y(n) be the second derivative of -n**3 - 2*n**2 + 2*n. Let d be y(-8). Let c = 9 + d. Is c a prime number?
True
Suppose p + 3*p - 84 = 0. Suppose -h = -3*x + 63, p = x - 2*h + h. Is x prime?
False
Suppose 18 - 3 = 5*p. Suppose 4*d - 85 = 3*i + 113, -2*i - 149 = -p*d. Is d a prime number?
False
Let m be 3/1 - (-126)/3. Suppose 3*y - 393 + m = -3*i, -y + 4*i + 111 = 0. Is y composite?
True
Let f = 103 - -234. Is f a composite number?
False
Suppose 4*t = 8*t - 1260. Suppose -4*y = -t - 529. Is y a composite number?
False
Suppose 4*x - 10 = 6. Suppose x*a = -k - k + 844, -2*k = 0. Is a composite?
False
Suppose 5864 = -2*d + 10*d. Is d a prime number?
True
Let w(g) = 4*g - 10. Let t(o) = 4*o - 9. Let j(k) = 3*t(k) - 2*w(k). Suppose -4*m + 14 = -6. Is j(m) a composite number?
False
Let h be (-1)/2*(1 + -1). Suppose -p - 2*s = -26, -7*s + 115 = 5*p - 2*s. Suppose -2*z + p + 6 = h. Is z a composite number?
False
Let j(d) = d**3 - 5*d**2 - 10*d - 30. Is j(14) a composite number?
True
Let s(a) = -2*a + 3. Let x be s(3). Let r = x - 28. Let y = 46 + r. Is y prime?
False
Let s(v) = v**3 + 4*v**2 - 3*v + 6. Let y be s(-5). Is (5/y)/((-2)/40) a prime number?
False
Let k be ((-3)/3 + 0)*-145. Suppose 0*t - t = -k. Is t composite?
True
Suppose -3*s = -3*a + s + 417, 2*a - 282 = 4*s. Let d = a + -70. Is d prime?
False
Let l = -214 + 957. Is l prime?
True
Let a = 1 + -6. Let q = a - -18. Suppose 5*r + 41 + 74 = 4*n, -4*r + q = n. Is n a prime number?
False
Let j(r) be the first derivative of -11*r**2/2 - 3*r + 5. Is j(-2) composite?
False
Suppose 0 = -0*a + 5*a - 1465. Is a a composite number?
False
Let i = 80 + -149. Is (2 - -3)/((-3)/i) prime?
False
Let b(w) = -5*w**2 + w + 3. Let j(m) = 19*m**2 - 3*m - 12. Let g(r) = -3*r**2 + r + 1. Let c be g(2). Let y(o) = c*b(o) - 2*j(o). Is y(3) a prime number?
False
Let h(b) = -b**2 + 6. Let g(t) = t - 7. Let a be g(7). Is h(a) a prime number?
False
Suppose -g = 4*g - 2395. Is g a prime number?
True
Let x = 27 + -25. Is x composite?
False
Suppose -21 = -z - 180. Let y = -22 + -48. Let x = y - z. Is x composite?
False
Suppose 4*h = -5 + 1. Is -33*((-6)/9 + h) a prime number?
False
Suppose -1308 = -13*m + 7129. Is m prime?
False
Suppose 5*m = 125 + 17825. Suppose 2*s - m = -0*s. Is s prime?
False
Suppose k = 132 + 491. Is k a composite number?
True
Is 37/(3 + 20/(-7)) composite?
True
Let u(g) = 431*g. Is u(1) prime?
True
Let x(p) = 81*p + 13. Is x(6) a prime number?
True
Suppose -4*i + 2*y - 4*y = -84, 0 = -i - 2*y + 15. Is i a composite number?
False
Let n(p) be the second derivative of p**5/20 - p**4/4 + p**3 + 5*p**2/2 - 3*p. Is n(6) composite?
False
Suppose n + 2*i = -4, 3*i + 9 = 4*n - 8. Suppose -2*r + 18 = 4*o, 2*o + n*o - 21 = -r. Is 380/12 - 4/o prime?
True
Suppose 0 = 3*x - 400 - 1145. Let o = -332 + x. Is o a prime number?
False
Is 502*(0 + 1/2) prime?
True
Suppose 5*k - 7562 = -4*p, -8*k = -12*k + p + 6058. Is k prime?
False
Suppose 0 = -2*z - z + 9. Let j(p) = -p**2 + p + 1. Let w be j(z). Is 2 + w + (134 - 2) composite?
True
Suppose -4*x + 247 = -3*l, -6*x = -x + 4*l - 270. Suppose -5*b + 3*r + x + 3 = 0, 0 = 2*b - 5*r - 13. Is b a prime number?
False
Let o(l) = -l**2 + l + 59. Let c be o(0). Suppose x - 2*p = 4*x - c, -x - 5*p + 11 = 0. Is x a prime number?
False
Let j = -124 + 70. Let m = j + 103. Is m a composite number?
True
Suppose b - 24 = 5*b. Let n = -4 + 27. Is b/(-9)*-3 + n composite?
True
Is ((-16)/(-24))/(6/41805) a composite number?
True
Let p be 1 + 4/(-2) - 1. Let q be p/(4*3/(-18)). Suppose -5*x + 111 = y + q*y, 0 = -5*y - 5*x + 145. Is y a prime number?
False
Is ((-3529)/3 + 1)/((-6)/9) composite?
True
Suppose -51 - 82 = -c. Is c composite?
True
Let k = 235 + -154. Let z = -44 + k. Is z composite?
False
Let t = -4 + 8. Suppose 0 = t*k + k - 165. Is k prime?
False
Let i(m) = m**2 + 6*m - 11. Let b be i(-8). Suppose 4*z = b*z. Suppose 3*l + 4*o = -z*o + 241, -4*l = -o - 315. Is l a composite number?
False
Suppose 3*k = 4*n, 2*k = -0*k - 3*n - 17. Let w be (0 + k/(-1))/1. Let x(m) = 3*m**2 - 4*m + 5. Is x(w) a composite number?
False
Suppose -2*d + 8 = -6*d. Let b(w) = -3*w**3 + 2*w + 4*w**3 + 2 + 5*w**2 - 2*w**2. Is b(d) a composite number?
False
Let i(j) = 9 - 3*j - 8*j**2 + 22*j**2 - 12. Is i(-4) prime?
True
Suppose 3*l + 2*d = 13, -27 + 10 = -5*l - d. Suppose -r - l*r = -148. Is r a prime number?
True
Let w be (15 - 3)*(-1)/1. Is 114/(-4)*w/18 composite?
False
Let f be 1 + 1 + -1 + 4. Let y be 2/7 - 927/(-63). Suppose 150 + y = f*u. Is u prime?
False
Let u = -25 - -38. Let h = u + 1. Is h prime?
False
Suppose -4*m - 24 = -6*m. Let d(o) = 3*o**2 - 2*o - 15. Is d(m) composite?
True
Suppose 2*z + 4559 = 5*g, 0*g - 4*z = -5*g + 4553. Is g a prime number?
False
Suppose 10*w = 3*t + 5*w - 235, -5*w = -5. Let f = 51 + t. Is f composite?
False
Is (-9)/36 + 893/4 a prime number?
True
Let l = -235 - -682. Suppose -3*q = 5*g - 392 - 55, 3*q - l = 5*g. Is q a prime number?
True
Suppose -2*l - 2*l = 0. Suppose 4*g - 1925 = t, -g - 2*t + 3*t + 482 = l. Is g a composite number?
True
Suppose -4*l - 39 = 2*w + 5, 0 = 4*l - 3*w + 34. Let g be (-10)/(-3)*12/l. Is ((-148)/(-8))/((-2)/g) composite?
False
Let k(v) = -25*v + 2. Let j(f) = f - 1. Let h be j(-1). Let r be k(h). Let s = r - -41. Is s composite?
True
Let o = 12 + -13. Let c = o - -22. Is c a composite number?
True
Suppose 8*x - 250 = 3*x + 5*w, 5*x - 271 = -2*w. Is x a composite number?
False
Suppose -4*o + 0*o = -64. Let h = 6 + o. Is h composite?
True
Let h(i) = -i**2 + 2*i + 14. Let l be h(5). Is l + 2 + 78 + 0 a composite number?
False
Let x(w) = -20*w + 4. Let p be x(-6). Suppose -14*a = -815 - 3287. Let q = a - p. Is q a composite number?
True
Suppose 3*m + 52 = 5*b, -2*m + 46 = 4*b - 0*m. Suppose 3*a - 9 = 0, -3*a + 25 = 4*o - 52. Suppose b = p - k - o, p - 5*k - 40 = 0. I